 + 2967 = -16*i. What is the units digit of x?
9
Suppose 7*k = -4*h + 11*k - 4, -3*h = 5*k - 5. Suppose -15*l + 18*l - 1215 = h. What is the hundreds digit of l?
4
Let b be (30/(-25))/((-4)/30). Let z be (-6)/(-27) - ((-7)/b + 0). What is the tens digit of z + 138/3 + -1?
4
Suppose -28*l = -46*l + 666. Suppose l*g = 7793 + 26247. What is the hundreds digit of g?
9
Suppose 3*n + c - 14093 = 6720, 3*n - 20809 = -5*c. What is the units digit of n?
8
Suppose 631*w - 52220 = 612*w + 17605. What is the thousands digit of w?
3
Suppose 4*z + 68 = 3*s + 22, 5*z = -2*s + 23. What is the units digit of ((-6)/s)/((-69)/48783)?
3
Suppose -9304 - 67700 = -9*d. What is the tens digit of d?
5
Let j(n) = -62*n**3 - 25*n**2 - 70*n - 109. What is the thousands digit of j(-7)?
0
Let l = -73 + 139. Let y be l/(-24)*(3 - (1 + 22)). Let b = 99 - y. What is the units digit of b?
4
Let q be 16/6 - 1/(-3). Suppose 5*b + 28 = 2*h, 4*h - q*b + 1 - 29 = 0. What is the hundreds digit of -1 + (-678)/h*(-32)/48?
1
Suppose 4*l + 5*f = 36, l + 2*l = -5*f + 32. Suppose -l*v + 1696 = -0*v. Suppose v = 2*m + 104. What is the tens digit of m?
6
Suppose 326*r - 14397858 = -153*r - 34*r. What is the thousands digit of r?
8
Suppose 0 = 87*d - 86*d - 1, 4*t + 5*d - 7789 = 0. What is the units digit of t?
6
Let j = -1822 - -8600. What is the tens digit of j?
7
Let v(h) = -675*h - 93. Let i be v(-5). Suppose -3*d + 673 - 3939 = -2*b, -2*b + i = d. What is the tens digit of b?
3
What is the units digit of 0 + 0 + (-8267)/(-7)?
1
Let q = 9701 + 2205. What is the units digit of q?
6
Let o(j) = -21*j**2 + 85*j. Let k be o(4). Suppose 0*s + 1148 = 2*n + k*s, -n = 5*s - 586. What is the units digit of n?
6
Suppose -q = -2*d + 17, q = -2*d - 2*q + 13. Suppose d*z - 1435 = 8917. What is the units digit of z?
4
Suppose -160 + 18 = 5*a - 2*c, -3*c = 12. What is the units digit of ((-20)/a)/((-2)/(-303))?
1
Let q be (-463)/31 + 12/(-186). What is the thousands digit of (-173)/(15/q*1/7)?
1
Suppose -3476*l + 180778 = -3450*l. What is the thousands digit of l?
6
Let l(f) = 288*f - 1159. What is the hundreds digit of l(40)?
3
Let c be 70 + (-5 - -5) + 2 + 3. Let j = 404 - c. What is the hundreds digit of j?
3
Let k be (-1 - -5) + 101*(13 - -10). Let q = -1496 + k. What is the units digit of q?
1
Let v(w) = -54*w + 18*w + 15*w - 2*w**2 - 2*w**2 - 41*w**3 + 20*w - 4. What is the hundreds digit of v(-3)?
0
Suppose -244 = -h - 57. Let i = 80 + h. What is the tens digit of i?
6
Let p(k) = -820*k - 671. What is the tens digit of p(-12)?
6
Let n(o) be the third derivative of o**6/120 - o**5/12 + o**4/12 - 5*o**3/6 - 2*o**2. Let y be ((-7)/(-4) - 6/8) + 5. What is the tens digit of n(y)?
4
Let w = 24 + -26. Let p be (-1 - 51)*5 + w. What is the tens digit of 8/32 - p/8?
3
Suppose 9*f + 2*f = 0. Suppose f = 4*m - 2*h - 320, -2*m + 0*h + 158 = -2*h. Suppose -u - m = -2*u. What is the tens digit of u?
8
Suppose -10740 + 188012 = 8*k. What is the ten thousands digit of k?
2
Let v(o) = -o - 47. Let h be v(-6). Let y = -47 + h. Let k = y + 101. What is the units digit of k?
3
Let c(g) = 6*g - 11. Let y(d) = d. Let v(s) = c(s) - 2*y(s). Let a be v(4). Suppose 3*n - 7*n + 4 = 0, -a*n = -3*l + 367. What is the hundreds digit of l?
1
Let r(w) = 69 + 4*w - w**2 + w**2 + 16*w + 4*w**2. What is the units digit of r(-5)?
9
Suppose -4*q = -3*q + 5*l + 65, 5*q + 256 = -2*l. What is the tens digit of (1 - 2/10)/(q/(-12625))?
0
Let c = -10672 - -21776. What is the ten thousands digit of c?
1
Let m(c) = 13*c - 47. Let g be m(-27). Let s = -95 - g. What is the units digit of s?
3
Suppose 1204 = 3*f - 0*f - 5*s, -1196 = -3*f + s. Let g = f - 116. What is the hundreds digit of g?
2
Let l = -290 + 286. What is the units digit of 0 + l + 2 - 5*-104?
8
Suppose -3*w - 46 = -d, -10*d - 5*w = -14*d + 170. Suppose -3*t - d*t + 40893 = 0. What is the units digit of t?
1
Suppose 0 = -2*p - 5*x - 529, 5*p + 1281 = -x - 30. Let j = 503 + p. What is the hundreds digit of j?
2
Let u(s) = 341*s**2 + 50*s - 248. What is the tens digit of u(6)?
2
Let r = 134 - 139. What is the tens digit of (393 - -7) + 1 + r?
9
Suppose -31 = f + 261. Let o = -78 - f. What is the units digit of o?
4
Suppose -25*o - 6*o - 682 = 0. What is the thousands digit of (-20)/o + -1 + (-1571938)/(-1507)?
1
What is the thousands digit of 27/9 + (-9 + 5 - -2638)?
2
Let d be 12/12 + 25/1 + -2. Suppose 430*a - 431*a + d = 0. What is the tens digit of a?
2
What is the units digit of 4/((1 - 3) + 9 + 120700/(-17244))?
2
Let v(t) = 13*t**2 + 21*t - 965. Let a(u) = -3*u**2 - 5*u + 241. Let y(o) = 9*a(o) + 2*v(o). What is the hundreds digit of y(0)?
2
Let h(j) = j**3 + 19*j**2 - j - 3. Let f be h(-19). Suppose -2*w + f = -5*x - 21, -5*w = -2*x - 82. What is the units digit of (4/w)/((-4)/(-272))?
7
Let b(j) = 72*j**3 + 4*j**2 - 8*j + 9. What is the units digit of b(4)?
9
Let w = 27 - 16. Let u(c) = 2*c + 80. Let m be u(-31). Suppose w*x - 14*x = -m. What is the units digit of x?
6
Suppose 5*b - n = -6*n + 40, -4*n = 0. Suppose 7*v = b*v - 1219. What is the thousands digit of v?
1
Let s be (0/(-1))/(-2) - -522. Let f be (-24)/372 - (-1244)/62. Suppose -3*q + s = 3*v, -5*q - 45 = -f. What is the units digit of v?
9
Let s(v) = -v**3 - 32*v**2 - 323*v - 79. What is the tens digit of s(-50)?
7
Let i = -19876 - -30951. What is the ten thousands digit of i?
1
Let u(a) be the second derivative of 26*a**3/3 + 46*a**2 + 2*a - 12. What is the units digit of u(6)?
4
Let v(t) = 40*t - 4. Let b be v(-2). Let u = -5 - b. What is the units digit of u?
9
Suppose -2*q + 1304 = 4*x, 4*q = 3*x + 1404 + 1237. Let p = q - 619. What is the tens digit of p?
3
Let c be 4/(-1*1/(-4)). Suppose c*v - 79 - 1697 = 0. What is the tens digit of v?
1
Let i(b) = 312*b**2 + 65*b + 55. What is the units digit of i(10)?
5
What is the thousands digit of (-1516)/(-12)*((-9125)/(-35) + (-10)/(-35))?
2
Let z(t) = 40*t**2 - 113*t - 561. What is the units digit of z(-30)?
9
Let v = -395 - -535. What is the tens digit of (v/(-98))/(2/(-364))?
6
Let f = -49018 - -74052. What is the units digit of f?
4
Suppose -5*a - 20*v + 25*v + 20215 = 0, 5*a = 4*v + 20215. What is the thousands digit of a?
4
Let i(n) = -5*n + 9. Suppose 2*j + 14 - 38 = 0. Let x be -3 - (12/10)/(j/40). What is the units digit of i(x)?
4
Let y = -33 + 41. Let k be 51/((-6)/y*2). What is the tens digit of (5/(-10) + 0)*k?
1
Suppose -3*m + 55 = -5*j, m + 2 = -j - 1. What is the units digit of -4*3/(-48) + (-3726)/j?
6
What is the hundreds digit of 6757 - 12/(108/(-117))?
7
Suppose 58*h - 42*h = 8048. Let t = -156 + h. What is the units digit of t?
7
Let j be (17 + (-7 - -2))*1/2. Suppose 0 = 3*k + 5*w + j - 2, -4*k - 4*w = 0. What is the units digit of 2/k*(76 + -5)?
1
Suppose 0 = -3*w - 5*h + 61206, 2*h + 120747 + 226087 = 17*w. What is the hundreds digit of w?
4
Let s(b) = 3*b + 12. Let l be s(-5). Let z be l - (2/12 - (-95)/(-30)). Suppose z = -8*d + 4*d + 436. What is the units digit of d?
9
Let s(c) = -6*c - 102 + 107 + 2*c**2 - c**2. Let m be s(3). What is the units digit of (14/m + 4)*162?
1
Suppose -8*x + 5 = -11. Let b(p) = 0*p**2 + p**x - 27*p + 12*p + 18 + 3*p. What is the units digit of b(12)?
8
Let h(r) = 11*r**2 + 23*r - 6*r**3 + 5*r**3 - 15*r - 14. What is the hundreds digit of h(9)?
2
Let d = 328247 - 230688. What is the hundreds digit of d?
5
Suppose 34*h - 29*h - 45 = 0. What is the units digit of h/(1/(104/4))?
4
Suppose 0 = 29*y - 35*y + 960. Suppose 2*a + y = o + 5*a, -311 = -2*o - 3*a. What is the units digit of o?
1
Let j(t) = -261 + 225*t + 462 - 241. What is the tens digit of j(3)?
3
Let v be (1/(-5)*-21)/(3/(-15)). Let l(f) = 10*f + 11*f - 11*f + f**2 - 6 + 6*f. What is the units digit of l(v)?
9
Let x be (-60)/(-18) - 4 - (-44)/3. Suppose -16*q = -x*q. What is the hundreds digit of 115 - (1 - -1 - 1)*q?
1
Suppose 0*o - 4*o + 20 = 0. Suppose 9 + 6 = o*j. Suppose g - 2*b = 46, 3*b + 46 = j*g - 86. What is the units digit of g?
2
Let o = -15313 + 26092. What is the thousands digit of o?
0
What is the thousands digit of 39441 + (-29)/((-406)/126)?
9
Suppose 389068 - 7938844 = -468*q. What is the tens digit of q?
3
Let a(g) = -4*g**3 + 4*g**2 + g + 15. Let f be a(-4). Suppose t - f = u, -4*t + 0*u - 5*u = -1333. What is the hundreds